**2 - 364*r - 4376. Give p(-169).
18
Let q(u) = u**3 + 7*u**2 + 5*u + 9. What is q(-5)?
34
Let a(x) = -97*x + 696. Calculate a(7).
17
Let k(g) = -g**3 + 2*g**2 - 213*g + 26. Calculate k(0).
26
Let x(y) = 4*y**2 - y - 72. Calculate x(-5).
33
Let a(f) = 25*f**2 + 16*f - 26. Calculate a(-3).
151
Let z(t) = -t**3 + 8*t**2 - 5*t + 20. Give z(7).
34
Let f(g) = -g**2 + 23. Calculate f(7).
-26
Let w(l) = l**3 - 15*l**2 + 47*l - 278. What is w(13)?
-5
Let j(v) = -v**3 - 19*v**2 - 60*v + 141. Give j(-14).
1
Let q(s) = 27*s + 221. Give q(-8).
5
Let v(m) = -448*m - 187. Give v(-2).
709
Let d(g) = 11*g + 79. Give d(-14).
-75
Let v(y) = 2*y**2 + 9*y - 177. Determine v(-20).
443
Let u(y) = 13*y - 713. What is u(55)?
2
Let l(p) = 19*p + 285. Determine l(-17).
-38
Let t(r) = -519*r - 938. What is t(-2)?
100
Let m(h) = 14*h - 632. Calculate m(42).
-44
Let y(p) = p**2 - 60*p + 36. Give y(0).
36
Let z(c) = c**3 + 21*c**2 - 30*c - 150. Give z(-22).
26
Let x(u) = -5*u**2 + 60*u + 858. What is x(20)?
58
Let g(u) = -27*u + 27. Determine g(4).
-81
Let y(z) = -8*z**2 - 10*z - 38. What is y(-7)?
-360
Let w(a) = -5*a**2 + 16*a - 49. Determine w(9).
-310
Let v(l) = 2*l**3 + 11*l**2 + 34*l + 179. Determine v(-7).
-206
Let k(c) = 2*c**3 - 90*c**2 + 91*c + 76. Give k(44).
208
Let f(j) = -5*j - 30. Determine f(-20).
70
Let i(v) = 18*v - 666. Determine i(36).
-18
Let x(c) = c**3 - 28*c**2 - 172*c + 208. What is x(33)?
-23
Let p(x) = -2*x**2 - 2*x + 17. Calculate p(8).
-127
Let s(y) = 171*y - 1970. Calculate s(12).
82
Let o(g) = -92*g + 1323. What is o(13)?
127
Let z(f) = 52*f - 63. What is z(4)?
145
Let a(x) = -103*x - 1208. Calculate a(-12).
28
Let q(k) = -k**3 + 128*k**2 + 160*k - 4005. Give q(129).
-6
Let t(q) = 22*q**2 + 33*q - 230. Determine t(-4).
-10
Let y(n) = -59*n**3 + 4*n**2 - 12*n + 5. What is y(2)?
-475
Let t(i) = -14*i**2 + 379*i - 21. Determine t(27).
6
Let y(a) = -a**3 + 36*a**2 - 61*a - 95. Calculate y(34).
143
Let g(c) = c**3 - 7*c**2 - 14*c + 8. Calculate g(-2).
0
Let q(c) = c**3 - 10*c**2 + 10*c + 85. Calculate q(7).
8
Let r(s) = -s**3 - 11*s**2 + 24*s - 31. What is r(-13)?
-5
Let r(f) = 2*f**3 - 21*f**2 - 61*f + 4. Calculate r(13).
56
Let z(g) = 98*g - 460. Give z(7).
226
Let u(c) = -38*c - 142. Calculate u(-8).
162
Let w(s) = -s**2 + 144*s + 3226. Calculate w(-20).
-54
Let k(w) = w**3 - 58*w**2 + 2*w - 107. Determine k(58).
9
Let g(l) = -3*l**2 - 509*l + 508. Calculate g(1).
-4
Let q(u) = 250*u + 5770. Give q(-23).
20
Let g(d) = d**3 + 12*d**2 - 4*d + 52. Give g(-13).
-65
Let r(f) = -12*f**2 + 170*f - 311. What is r(12)?
1
Let r(v) = -24*v**2 - 2*v + 84. What is r(0)?
84
Let p(o) = 2*o**3 - 50*o**2 - 43*o - 316. Calculate p(26).
-82
Let i(c) = -406*c - 5672. What is i(-14)?
12
Let s(n) = -3*n**3 + 9*n**2 - 1. Calculate s(-4).
335
Let c(p) = 2*p**2 + 21*p - 14. Determine c(-11).
-3
Let g(a) = -7*a - 54. What is g(-3)?
-33
Let t(k) = 86*k + 4201. Calculate t(-49).
-13
Let q(t) = -2*t**3 - 10*t**2 + 17*t - 50. What is q(-7)?
27
Let i(g) = 28*g + 2539. What is i(-92)?
-37
Let l(a) = a**3 + 40*a**2 + 232*a + 5. What is l(-33)?
-28
Let w(j) = -46*j + 207. What is w(6)?
-69
Let y(b) = 542*b + 1624. Determine y(-3).
-2
Let i(z) = -z**2 + 156*z - 2. What is i(0)?
-2
Let c(f) = -f**2 + 26*f - 12. What is c(37)?
-419
Let x(l) = -6*l**2 + 375*l + 512. What is x(64)?
-64
Let p(k) = k**3 - 8*k**2 + 14*k + 7. What is p(5)?
2
Let y(l) = -2*l**2 + 160*l - 1836. What is y(14)?
12
Let g(w) = -w**3 - 27*w**2 - 121*w + 212. What is g(-20)?
-168
Let r(c) = -20*c**2 + 99*c - 2. Calculate r(5).
-7
Let k(p) = -5*p**3 + 29*p**2 + 2*p - 11. Calculate k(6).
-35
Let y(r) = -r**3 - 23*r**2 - 44*r + 86. Give y(-21).
128
Let d(v) = v**2 + 18*v - 843. Determine d(-37).
-140
Let l(z) = -2*z**3 + 150*z**2 + 145*z + 530. Determine l(76).
-2
Let i(q) = 7*q**2 + 8*q + 16. Give i(-6).
220
Let i(j) = -2*j**2 - 932*j + 37221. What is i(37)?
-1
Let q(r) = 19*r + 1690. Calculate q(-88).
18
Let g(t) = -2724*t + 19032. Calculate g(7).
-36
Let a(l) = -49*l**2 - 2204*l + 43. Determine a(-45).
-2
Let x(z) = 152*z + 375. Calculate x(-3).
-81
Let k(l) = 10*l**3 + 9*l**2 - 10*l - 55. Determine k(4).
689
Let w(t) = -20*t**3 - 2*t**2 - 8*t + 30. Give w(2).
-154
Let w(t) = -2*t**2 - 40*t + 527. Give w(9).
5
Let n(a) = 5*a**3 - 4*a**2 - 220*a + 436. Determine n(2).
20
Let y(x) = x**3 + 13*x**2 - 33*x - 212. Determine y(-14).
54
Let k(r) = -34*r**2 - 334*r + 48. What is k(-10)?
-12
Let b(w) = 33*w**2 + w + 11. Give b(0).
11
Let y(a) = 64*a**2 + 101*a + 199. What is y(-2)?
253
Let v(z) = -3*z**3 - 55*z**2 - 24*z - 36. Calculate v(-18).
72
Let v(i) = -i**2 - 36*i + 210. Determine v(7).
-91
Let y(i) = 53*i + 705. Calculate y(-15).
-90
Let h(c) = -8*c - 109. What is h(0)?
-109
Let i(h) = h**3 + 6*h**2 + 10*h - 15. What is i(-3)?
-18
Let l(g) = -4*g + 322. Determine l(21).
238
Let y(g) = -3049*g - 60983. Give y(-20).
-3
Let u(q) = -q**3 + 23*q**2 - 56*q + 291. Calculate u(21).
-3
Let j(w) = -527*w**3 + 19*w**2 + 19*w + 2. Give j(-1).
529
Let c(i) = -2*i**2 - 4*i + 21. Give c(3).
-9
Let o(r) = r**2 - 284*r + 8932. Give o(36).
4
Let s(k) = -k**2 + 106*k - 2210. Calculate s(29).
23
Let n(h) = -h**3 - 2*h**2 - 25*h - 9. Calculate n(-5).
191
Let b(d) = d**3 - 22*d**2 - 41*d + 430. What is b(23)?
16
Let r(a) = 16*a - 38. What is r(-2)?
-70
Let d(x) = -76*x - 140. What is d(-5)?
240
Let s(u) = -15*u**3 + 5*u**2 + 16*u - 59. Give s(3).
-371
Let u(k) = 2*k + 54. What is u(-20)?
14
Let q(i) = 8*i + 91. Determine q(-12).
-5
Let n(q) = -q**3 + 4*q - 34. Give n(6).
-226
Let l(u) = 343*u - 21284. Calculate l(62).
-18
Let v(k) = -k**3 - 16*k**2 + 15*k - 85. Determine v(-18).
293
Let o(x) = 1010*x + 5066. Calculate o(-5).
16
Let w(s) = -298*s + 2080. Give w(7).
-6
Let q(f) = -63*f - 29. Determine q(4).
-281
Let h(b) = -41*b - 84. What is h(-13)?
449
Let x(f) = 6*f - 30. Give x(11).
36
Let j(m) = -2377*m + 23745. Calculate j(10).
-25
Let g(r) = -2*r**2 + 64*r - 485. Give g(14).
19
Let z(a) = -427*a - 3445. Calculate z(-8).
-29
Let b(m) = 3*m**3 - 112*m**2 + 122*m - 3142. Give b(37).
3
Let j(d) = -7*d - 232. Determine j(-33).
-1
Let h(y) = y**3 - 55*y**2 + 7*y - 354. Calculate h(55).
31
Let h(f) = 18053*f + 6. Calculate h(0).
6
Let u(n) = -n**3 + 521*n**2 + 20642*n - 141. Calculate u(-37).
7
Let h(f) = f**2 + 30*f - 70. What is h(-18)?
-286
Let b(o) = -22*o**2 + 37*o - 14. Calculate b(5).
-379
Let g(n) = -n + 20. Calculate g(14).
6
Let j(m) = -128*m**2 - 5*m - 5. Calculate j(-1).
-128
Let g(h) = 314*h - 1252. Determine g(4).
4
Let l(a) = -2*a**3 + 102*a**2 + 6*a - 294. What is l(51)?
12
Let h(i) = -39*i - 6242. Determine h(-159).
-41
Let z(r) = 15*r - 624. Give z(53).
171
Let t(w) = w**2 + 7*w - 78. What is t(6)?
0
Let x(j) = 90*j**2 - 1532*j + 30. Calculate x(17).
-4
Let v(n) = -19*n**2 - 647*n - 3. Calculate v(-34).
31
Let c(m) = -m**3 + 10*m**2 + 22*m - 300. Give c(9).
-21
Let f(l) = l**3 + 55*l**2 - 39*l - 5006. Give f(-54).
16
Let d(w) = -34*w - 780. What is d(-20)?
-100
Let y(d) = d**3 - 26*d**2 - 63*d + 201. Give y(28).
5
Let s(t) = t**3 + 46*t**2 + 85*t - 131. Calculate s(-44).
1
Let i(a) = 6*a + 74. Give i(-15).
-16
Let b(j) = j**3 + 29*j**2 - 29*j + 50. Give b(-30).
20
Let z(l) = -l**2 - 6*l - 143. What is z(-13)?
-234
Let r(b) = 3*b**2 + 43*b + 126. Determine r(-10).
-4
Let b(m) = -37*m - 726. Calculate b(-19).
-23
Let y(j) = -8*j**2 - 2174*j - 1636. What is y(-271)?
-10
Let w(b) = b**3 - 4*b**2 - 42*b + 43. Calculate w(10).
223
Let n(m) = 3*m**2 + 38*m - 3. Calculate n(-11).
-58
Let r(x) = -87*x + 1496. What is r(17)?
17
Let a(t) = t**3 - 3*t**2 - 12*t + 31. Determine a(5).
21
Let p(h) = -35*h - 25. Give p(3).
-130
Let y(r) = 1336*r + 8051. What is y(-6)?
35
Let j(d) = 23*d**3 + 5*d**2 + 6*d + 7. Give j(-2).
-169
Let f(h) = 9*h**2 + 64*h + 12. Determine f(-7).
5
Let n(d) = -d**3 - 100*d + 101. What is n(0)?
101
Let q(f) = -392*f**2 + 8*f - 7. What is q(1)?
-391
Let u(x) = -180*x**2 - 30*x - 60. Determine u(-2).
-720
Let c(v) = -401*v + 232. Give c(0).
232
Let j(l) = 19*l + 137. Calculate j(-7).
4
Let j(p) = 2777*p + 33318. Give j(-12).
-6
Let z(a) = 2*a**2 - 7*a - 15. Calculate z(3).
-18
Let j(n) = 77*n - 140. Determine j(4).
168
Let y(v) = -v**3 + 9*v**2 + 419*v - 4374. What is y(11)?
-7
Let y(v) = -v**2 + 21*v + 8